 - 6 = 3*s. List the prime factors of -1 - s - 2 - -14.
2, 3
Suppose -1 = 5*k - 11. Suppose 5*f - 2*f - 11 = 2*s, -k*f - s = 2. Suppose -3*d = f - 37. What are the prime factors of d?
2, 3
Let m(s) = -s**3 - 6*s**2 + 3*s + 3. Let i be m(-7). Suppose -k = d - 5 - 2, 4*d + 3*k = i. Suppose -5*l + 20 + d = 0. List the prime factors of l.
2, 3
Suppose 0*c = -5*c + 5*t + 230, 2*c + 3*t - 107 = 0. List the prime factors of c.
7
Suppose -5*f + a = -f + 45, 4*f + 4*a = -40. Let n = f + 16. Suppose 0 = -n*y - 25, -3*y - 95 = -0*i - 4*i. What are the prime factors of i?
2, 5
Let x be ((-8)/4 + -5)*-1. Suppose 0*a - 5*y = 2*a + 7, 4*y - x = -3*a. List the prime factors of a.
3
Suppose -s + 4*s - 12 = 0. Suppose -50 = -5*g + 2*k - s*k, -k = 0. What are the prime factors of (-1)/(-2)*4 + g?
2, 3
Suppose 0 = 2*w - 11 - 3. Let h(z) = 2*z - 10. Let a be h(w). Suppose a*k - 34 - 42 = 0. List the prime factors of k.
19
Let i = 4 + 20. List the prime factors of i.
2, 3
Let k = -2 - -2. Suppose 4*t = -k*t + 80. What are the prime factors of t?
2, 5
Suppose 2*b + 7*f = 2*f + 1, 3*b - 6 = -3*f. List the prime factors of b.
3
Suppose -9*q - 32 = -10*q. What are the prime factors of q?
2
Let i = 260 + -181. List the prime factors of i.
79
Suppose -6 = -r + 14. Suppose 0*w + r = 4*w. List the prime factors of w.
5
Suppose 2*l - 263 = -3*h, -219 = -2*h + 5*l - 31. What are the prime factors of h?
89
What are the prime factors of 9/(-3) - (-53 - -2)?
2, 3
Let x(k) = 12*k**2 + k - 9. What are the prime factors of x(-3)?
2, 3
Let g = 8 + -11. Let u = 8 - g. What are the prime factors of u?
11
Let f = -20 + 67. What are the prime factors of f?
47
Suppose 0 = -4*g + 20, -4 = -2*z + 3*g - 5*g. What are the prime factors of (-1)/(38/13 + z)?
13
Let a(z) = 6*z**3 + z**2 - 2. What are the prime factors of a(2)?
2, 5
Let u(l) = 4*l - 12. What are the prime factors of u(8)?
2, 5
Let v be (-3)/(4 - 1) + 2. Let x be (-2 + (1 - 2))*v. List the prime factors of (x - -1) + -5 + 11.
2
Let t be (-93)/18 + 3/18. Let u(o) = 2*o**2 - o + 2. List the prime factors of u(t).
3, 19
Suppose 0 = 4*g - 5*d + 14 + 61, -5*g + 5*d = 95. Let k = g - -14. List the prime factors of 66/8 + k/(-8).
3
Suppose -4*w - 2*w + 180 = 0. Let q be 1 + 1 - 6*-7. Let i = q - w. What are the prime factors of i?
2, 7
Let j(b) = b**2 - 8*b - 4. Let t be j(8). Let h(x) = -5*x - 2. What are the prime factors of h(t)?
2, 3
Let f = -47 - -67. List the prime factors of f/((-2)/(-6)*1).
2, 3, 5
Let q = 5 - 2. Suppose 0*l - 5*l - 42 = 2*x, l - q*x = -22. Let g = l + 16. What are the prime factors of g?
2, 3
Let n = -31 - -64. What are the prime factors of n?
3, 11
Let r(m) be the first derivative of m**5/20 + m**4/6 - m**3/3 + m**2/2 + m + 3. Let z(o) be the first derivative of r(o). What are the prime factors of z(1)?
2
Let u(i) be the first derivative of i**4/4 - 5*i**3/3 + 5*i**2/2 + 2*i - 2. Let c be u(4). Let f(k) = k**3 - 7*k**2 + 7*k + 6. List the prime factors of f(c).
2, 3
Let t(j) = j**2 + 3*j - 5. Let a be t(-5). Suppose -a*v = 3*z - 66, 0 = 3*z - 4*v - 31 - 35. What are the prime factors of z?
2, 11
List the prime factors of 72/15 - 1/(-5).
5
Let x be (-2)/(-10) + 6/(-5). Let l(v) = 10*v**2 + 2*v + 1. What are the prime factors of l(x)?
3
Let s(m) = m**2 - 7*m + 10. Let h(c) = -c**2 + 7*c + 1. Let a be h(6). What are the prime factors of s(a)?
2, 5
Let p = 120 - 104. List the prime factors of p.
2
Suppose -n + 69 = -3*y, 0*n + 4*n - 291 = -3*y. What are the prime factors of n?
2, 3
Suppose 18 = 5*h - 12. What are the prime factors of h?
2, 3
Let p be (5/(-3))/(-5)*-3. List the prime factors of 2 - ((p - 3) + -7).
13
Let d(z) = z + 3. Let i be d(-3). Let k = i - -4. Suppose 21 = k*b - 5*g - 28, -3*g = 3. List the prime factors of b.
11
Let g(a) = -2*a**3 + a - 1. Let n(x) = x**2 - x + 1. Let z(w) = -g(w) - n(w). Suppose 2*b = 7*b - 10. List the prime factors of z(b).
2, 3
Let o(t) = 3*t**3 - 3*t**2 - 11*t + 18. Let w(u) = u**3 - u**2 - 4*u + 6. Let m(k) = 3*o(k) - 8*w(k). Suppose -4*j = -3*j. List the prime factors of m(j).
2, 3
Suppose -5*q + 104 = -3*v, -36 = v - q - 2*q. Let p = 5 + v. List the prime factors of 30/(-4)*p/35.
2, 3
Suppose -2*x + 18 = j, -5*x + 4*j + 16 = -3. What are the prime factors of x?
7
Suppose 0 = -4*t + 5*t - 2*z - 44, 3*z + 191 = 4*t. Let f(p) = 2*p**2 + p + 2. Let l be f(-4). Let y = t - l. What are the prime factors of y?
2, 5
Let h(o) = -o**3 - 2*o**2 - 2*o - 2. Let c = 3 + -5. What are the prime factors of h(c)?
2
Let z(u) = -u**2 - 13*u - 11. Let f = 0 - 9. List the prime factors of z(f).
5
Let c be (1/1)/(-1)*-5. Let i = -3 - -2. List the prime factors of (-5)/c*i*5.
5
Suppose -h + 2*l = -10, h + 3*l = -h - 1. What are the prime factors of h?
2
Let i = 47 - -4. List the prime factors of i.
3, 17
Let d(k) = k**2. Let j be d(-1). What are the prime factors of 5 + 3 - (2 - j)?
7
Suppose -j + 5*o + 119 = 0, 3*o = -0*o + 9. What are the prime factors of j?
2, 67
Let a = -1 + 5. Suppose 5*c - 6 = -m - 1, a*m + 3*c = 20. Suppose 2*k + 0*k = 2*w + 26, 7 = 4*k + m*w. List the prime factors of k.
2
Let d = 32 - 16. List the prime factors of (-2 - 4)/3 + d.
2, 7
Let p be (0 + -10)*(-5)/10. Let q = p - 2. Suppose -21 + q = -s. List the prime factors of s.
2, 3
Suppose -2 = 2*h - 0. List the prime factors of (-3 - h)*(-2)/1.
2
Let o(n) = -21*n - 3. What are the prime factors of o(-8)?
3, 5, 11
Suppose -4*l + 3*l = 0. Suppose q + 4*k = 6, 0*k + 58 = -5*q + 2*k. Let j = l - q. List the prime factors of j.
2, 5
Let p be 8/(-6)*(-47 + 2). Suppose -f + 5*f - p = 0. What are the prime factors of f?
3, 5
Suppose -651 = -16*p + 485. What are the prime factors of p?
71
Let x(n) = n**2 - 8*n - 3. Let u be x(6). Let k = 26 + u. List the prime factors of k.
11
Suppose q + 2 - 8 = 0. Suppose 2*t = 3*t - q. What are the prime factors of t?
2, 3
Let k(i) be the second derivative of -i**4/6 + i**3/2 + 3*i**2/2 - 4*i. Let z be k(3). What are the prime factors of 16/z*(-6)/4?
2
Let c(n) = -n**3 - 3*n**2 - n. Let s be c(-3). Suppose -q = 3*q - g, -q = -s*g. Suppose -5*m - b = -66, q = m + 3*b - 0*b - 16. What are the prime factors of m?
13
Suppose 0 = 2*z - 6. Suppose -2*r - z*r = -40. What are the prime factors of r?
2
Suppose 0*a - 12 = -4*a. Suppose -3*f - 5*o + 16 = 0, -3*o = a*f - o - 28. List the prime factors of f.
2, 3
Let a be (-3)/9 - 91/(-3). Suppose -4*v = -5*y - 30, -4*y + 8 = -3*v + a. List the prime factors of v.
2, 5
Suppose 0 = w - 14 - 22. List the prime factors of w.
2, 3
Let z be 38/9 + (-4)/18. Suppose 0 = -4*r + z + 4. Suppose -6*p = -r*p - 36. What are the prime factors of p?
3
Let u(m) = m**3 + m. Let g be u(0). Suppose 0 = 4*p - g - 20. Suppose -4*v + 26 = -p*q - 13, -4*v = 4*q - 12. List the prime factors of v.
2, 3
Let l(w) = 3*w - 8. Let o be l(3). Let a = 33 + o. List the prime factors of a.
2, 17
Suppose 3*n + 3 = -3. What are the prime factors of (-39)/n + (-4)/(-8)?
2, 5
Suppose 5*c - 2*h = -h + 1017, 3 = h. Suppose -6*r + c = -2*r. Suppose -4*b - 3 = j + 5, -3*b - r = -3*j. List the prime factors of j.
2, 3
Suppose -9 = -3*n, 2*w + n = 4*w - 153. List the prime factors of w.
2, 3, 13
List the prime factors of 6/(((-108)/(-104))/9).
2, 13
Let o(x) = x**3 + 8*x**2 - 5*x - 6. What are the prime factors of o(-6)?
2, 3
Suppose 0*p = p + 35. What are the prime factors of (p + 2 + 2)*-1?
31
List the prime factors of 4/(-18) - (-6430)/18.
3, 7, 17
Suppose 0 = 3*u - 3, 2*u - 56 = 5*d - 194. Suppose -4*v = -3*v - d. What are the prime factors of v?
2, 7
Let m(s) = s**3 + 5*s**2 - 5*s - 1. Let w be m(-6). Let c = w - -13. List the prime factors of c.
2, 3
Suppose -29 = 4*n - 2*l + l, -3*n - 38 = -4*l. Let y be n*((-30)/9)/5. Let p = y - -4. What are the prime factors of p?
2
Let r = -21 + 103. What are the prime factors of r?
2, 41
Suppose 4*w - 4*d - 120 = 0, 6*d - 165 = -4*w + d. What are the prime factors of w?
5, 7
Suppose 5*t + 5*y = 15, -2*t - 5*y + 20 = -10*y. Suppose -54 = -t*c + 46. List the prime factors of c.
2, 5
Let i(v) be the first derivative of -v**2 - 5. What are the prime factors of i(-6)?
2, 3
Suppose -4*p - h = -23, -4*h + 27 = 4*p + 7. List the prime factors of p.
2, 3
Let j(y) = 2*y**2 - 8*y + 2. Let z be j(6). Let q = z + -16. Let c = q - 0. What are the prime fa